11*r**2 + 5*r. Suppose -5*v + 3*y = 42, 5 = y - 6*y. Is u(v) composite?
False
Let y = 3 + -1. Let q be 34 + (0 - y) + 1. Suppose 0 = -2*c + q - 7. Is c composite?
False
Suppose 288 = 4*n + 5*d - 4*d, 0 = n + 5*d - 53. Let b = 179 - n. Is b a prime number?
False
Suppose -14*q + 9*q - 9305 = 0. Let y = q + 2916. Is y composite?
True
Suppose 0 = -13*j + 16*j - 165. Let s = j + 148. Is s composite?
True
Suppose -2 = -2*r + 18. Suppose r*w - 7948 = 6*w. Suppose 5*g = 2278 + w. Is g a composite number?
False
Suppose -3*o - 3*l = 2*o - 989, 0 = -5*o - l + 983. Suppose 17*w - 13*w = o. Is w prime?
False
Let s be -5 + (-22)/(-4) + 9886/4. Let t = 3839 - s. Is t a prime number?
True
Let p(h) = -810*h - 29. Is p(-10) composite?
True
Let p(x) = -11339*x + 27. Let i be p(-4). Suppose -12*q + i = q. Is q a composite number?
False
Let m = -697 + 11714. Is m a prime number?
False
Let l = 7 - 5. Suppose 16 = 2*p + l*p. Suppose 3*k = p*k - 419. Is k a composite number?
False
Let k be (618/(-4))/(3/(-6)). Suppose -9*j = -6*j - k. Let c = 394 - j. Is c composite?
True
Suppose 5*i + 15 + 2 = 4*m, -10 = -2*i - 4*m. Is i - (4 - (-3 - -679)) prime?
False
Let g(f) = 7*f**2 + 7*f. Let t(k) = -3*k**2 - 3*k. Let c(x) = 4*g(x) + 9*t(x). Let w be c(-2). Suppose 3*z + 148 = w*s, 3*z + 73 = s + 2*z. Is s a prime number?
True
Let m = 60 + -58. Suppose 4*v = -4*z + 2552, -7*z + 1894 = -4*z - m*v. Is z composite?
True
Let i(k) = k**2 + 5*k + 10. Let c be i(-3). Suppose -2*l = 3*t - 12484, -3*l + c*t + 30395 - 11652 = 0. Is l composite?
True
Let y(l) = -l**3 - 11*l**2 + 13*l + 6. Let n be y(-12). Is (-4781)/n - 2/(-12) a composite number?
False
Let r(w) = 527*w. Let d(j) = -j**3 + 7*j**2 + 17*j + 10. Let y be d(9). Is r(y) a prime number?
False
Let c be (-42)/(-63) + 2 + (-47828)/(-6). Suppose 4*m = j + 15601, 2*m = 3*j + c - 181. Is m a composite number?
True
Suppose 0 = -v - 3*v - 2*j - 30, 0 = v + 5*j + 3. Is -7*(-2)/56 + (-3150)/v a prime number?
False
Let d(u) = 230*u - 1. Suppose -5*q - 2*m + 43 = 0, -6 = -2*q + 4*m - 2*m. Let i be (-8)/(-28) + 26/q. Is d(i) composite?
False
Suppose -58 = -13*q - 19. Suppose 4907 = 6*x - 3*x - 5*w, -q*x - 3*w = -4923. Is x composite?
True
Suppose 4*w = 7*w + 9, 5*p = -4*w + 32333. Is p composite?
False
Let b(v) = -v**2 + 51*v - 7. Is b(18) prime?
True
Let w(l) = l - 20. Let b be w(25). Suppose -b*x + o + 9363 = -5496, 0 = 4*o + 16. Is x prime?
True
Suppose 8*j + 6*j - 84434 = 0. Is j a composite number?
True
Let c(b) = -8*b + 4861. Is c(0) a composite number?
False
Suppose u - 11*u + 12930 = 0. Is u composite?
True
Suppose -5*v - 6 = 14. Let n = 89 + -20. Let u = n + v. Is u prime?
False
Suppose 5*q = o - 282, 3*o - 1488 = -2*o - q. Let j = 1096 - o. Is j composite?
True
Let n(p) = -2*p**3 + p**2 + 25*p - 10. Let a be n(7). Let g = a - -885. Is g composite?
True
Suppose 2*k = 4*g - 18, 4*k + 10 = -0*g - 5*g. Is 255 + -3 + (3 - g) composite?
True
Let d(j) = -j**2 + 13*j + 1. Let t(k) = -14*k - 2. Let u(m) = -3*d(m) - 2*t(m). Is u(-5) a prime number?
True
Let c(o) = o**3 - 11*o**2 - 2*o + 24. Let b be c(11). Suppose 2*v + 4*a = 762, b*v - 4*a = -a + 755. Is v a composite number?
False
Suppose 0*h - 12 = -2*h + k, -2*k + 30 = 5*h. Is (4/h)/(4/534 - 0) prime?
True
Let s(a) = a**3 - 31*a**2 - 64*a - 69. Let o be s(33). Is (12292/(-6) + -4)/(2/o) prime?
True
Let q be (1/(-2)*-2)/((-9)/63). Let b(d) = 44*d**2 - 22*d + 13. Is b(q) a composite number?
True
Suppose -157*j - 98466 = -163*j. Is j composite?
False
Suppose 14*k = 3*k + 331199. Is k prime?
True
Let x be -397 + 1 - (-2 + 3)*-1. Let o = 774 + x. Is o a prime number?
True
Let m = -53 + 54. Is 1916*((-4)/(-8))/m a prime number?
False
Let f(l) = -7*l**3 + 2*l**2 - 5*l + 1. Let s be f(-4). Let r = -244 + s. Is r a prime number?
True
Is (2274/3)/((-24)/(-372)) prime?
False
Suppose -34301 = -u + 32820. Is u a composite number?
False
Let l(y) = 97*y**3 + 18*y - 18. Is l(5) a prime number?
True
Let a(g) = -4*g**3 - 2*g**2 + 3*g - 4. Let f(z) = 13*z**3 + 5*z**2 - 8*z + 11. Let h(i) = -11*a(i) - 4*f(i). Is h(-5) a prime number?
False
Let d(x) = 113*x. Let o(r) = -r - 2. Suppose -y - 9 = j - 0*j, y - 16 = 4*j. Let l be o(j). Is d(l) a prime number?
False
Let j = -13 + 29. Let d = j + -13. Suppose d*p = 456 - 117. Is p composite?
False
Let h(z) = 35*z**2 - z. Suppose f - 2 = -f. Is h(f) a composite number?
True
Let t(f) = 2*f**3 - 12*f**2 - 45*f - 3. Is t(14) a prime number?
True
Suppose 58 = -4*u - w - 2*w, 6 = -3*w. Let f(p) = -6*p + 9. Is f(u) composite?
True
Let x = -2039 + 2905. Suppose -x = 9*n - 3899. Is n prime?
True
Let b = 10 - 3. Let c(h) = -h**3 + 8*h**2 - 7*h + 5. Let i be c(b). Suppose -i*l + 574 = -3*l. Is l prime?
False
Let t = 395 - 205. Suppose 0 = -2*k - x - 14 + t, 99 = k - 5*x. Is k composite?
False
Suppose 3 = 3*r, 2*z = -r + 3 + 2. Let c be 1/(z*1/4). Suppose 0*v - 70 = -c*v. Is v composite?
True
Let d = 2148 - -7813. Is d prime?
False
Suppose 15 + 0 = 5*y. Suppose -8 - 10 = -y*s. Let d = 149 - s. Is d composite?
True
Let l = -178 - -389. Is l a composite number?
False
Suppose 4*t - 2*t - 3*c = -3112, -3*t - 3*c = 4668. Is t/6*231/(-22) composite?
True
Is 7 + 6 + -7 + 1537 a prime number?
True
Is ((2 - -1)/(-3))/((-3)/4629) a prime number?
True
Suppose -2*h = h - 12. Suppose x - 25 = -h*x. Suppose v = -x*p + 4, -2*p + 32 = 2*v - 0*p. Is v a prime number?
True
Let d(u) be the second derivative of 116*u**3/3 + 13*u**2/2 + 4*u. Is d(7) composite?
False
Let q(w) = 579*w**2 - 3*w + 5. Let j be q(2). Suppose -12*n + 2593 + j = 0. Is n a composite number?
False
Suppose -24*y = -22*y - 12254. Is y a prime number?
False
Suppose -16 = 2*j - 24. Suppose w - 119 = j*i, -w + 0*i = 3*i - 154. Is w composite?
False
Let c(r) = 105*r - 16. Let b be c(10). Suppose w = -5*z + b, -4*z = -2*w + z + 2038. Let h = w + -627. Is h a composite number?
False
Suppose -2 = 4*c - 10. Suppose -c*h = -20 - 282. Let u = 269 - h. Is u a prime number?
False
Suppose 19*l + 144126 = 23*l + 2*k, 5*l = -4*k + 180165. Is l composite?
True
Suppose 4*s - s = 2913. Is s a prime number?
True
Let t = -22 - -27. Suppose -6 = 4*o - t*f + 14, -3*f + 12 = 5*o. Suppose o = -2*b - b + 678. Is b a prime number?
False
Suppose -5*w = -4*s - 130201, 0 = 7*w - 10*w + s + 78122. Is w a prime number?
True
Let p(f) = 746*f**2 - 4*f - 1. Is p(-1) a composite number?
True
Let u be 20/2*(-2)/(-5). Suppose -13*r = -11 - 15. Suppose 3*m - 949 = r*a - 0*a, -3*a + 1288 = u*m. Is m prime?
False
Suppose 17901 - 6503 = 2*a. Is a composite?
True
Let u(r) be the third derivative of r**5/20 - r**4/8 + 3*r**3/2 - 5*r**2. Let s(l) be the first derivative of u(l). Is s(4) a composite number?
True
Is (7 - 242/33)/((-1)/33729) a prime number?
True
Let z = -623 - -887. Let s = z - 29. Is s a composite number?
True
Let v(g) = -39*g**3 + 4*g**2 - 11*g + 6. Let b be -7 + (3 - 2)*-1. Let u(x) = 59*x**3 - 6*x**2 + 17*x - 9. Let f(r) = b*v(r) - 5*u(r). Is f(2) composite?
False
Is 2/19 - 4418085/(-399) composite?
True
Let x(s) = -7*s - 6. Let o be x(2). Let d(c) = c**2 + 6*c + 27. Is d(o) composite?
False
Suppose -6094 = -5*t + 11901. Is t a prime number?
False
Let n be ((-72)/32)/((-1)/(-268)). Let q = n + 974. Is q a composite number?
True
Let i be 34/153 - (-2203)/9. Let f = 1054 - i. Is f a composite number?
False
Let s(t) = -227*t - 33. Let j(f) = 453*f + 64. Let d(c) = 4*j(c) + 7*s(c). Is d(6) prime?
False
Let k = -202 + 1217. Is (k/2)/5*2 a composite number?
True
Let n = 923 + 175. Suppose -50 + n = -4*y. Let r = y - -407. Is r composite?
True
Let p be -2 - (3 + -647)/4. Let o be (-2)/(-5) - 324/10. Let q = o + p. Is q composite?
False
Suppose 4*w + 13 = -s, 5*s - 2*w - 3*w - 60 = 0. Is 7/(s/(-2)) - -357 a prime number?
False
Suppose -3*k + 1740 = -351. Is k prime?
False
Suppose -215886 = 11*v - 17*v. Is v composite?
True
Let t(o) = 1 - 81*o + 4 - 8. Let r(a) = 80*a + 4. Let j(q) = 4*r(q) + 5*t(q). Is j(-1) a prime number?
False
Let k = 107 - 48. Is k/(3 - (6 - 4)) a prime number?
True
Let b = -49272 + 69943. Is b composite?
True
Let h = 402 - -86. Let f = -686 - -343. Let n = h + f. Is n a prime number?
False
Let o(g) = -37 + g**2 - 11*g + g**2 - 2*g. Is o(26) a composite number?
False
Let i = 945 - 564. Suppose 0 = b + 2*b - i. Is b a composite num